atest common factor of 20 and 24410?
10
What is the highest common divisor of 32300 and 76?
76
What is the highest common factor of 122608 and 72944?
1552
Calculate the greatest common divisor of 240 and 1021360.
80
What is the highest common divisor of 138 and 4035534?
138
Calculate the greatest common divisor of 1334 and 4118.
58
What is the highest common divisor of 6856 and 8?
8
What is the highest common divisor of 1113 and 901?
53
What is the greatest common factor of 105 and 138705?
105
What is the highest common divisor of 22208 and 8?
8
What is the greatest common factor of 45831 and 9?
3
Calculate the highest common divisor of 555280 and 528.
176
What is the highest common divisor of 28 and 5800424?
28
Calculate the highest common factor of 470705 and 115.
5
Calculate the highest common factor of 2007770 and 820.
410
What is the greatest common factor of 32 and 4336352?
32
Calculate the highest common divisor of 1049411 and 22.
11
What is the greatest common factor of 5064541 and 641?
641
Calculate the highest common divisor of 204720 and 1920.
240
Calculate the greatest common divisor of 1326370 and 70.
10
Calculate the greatest common divisor of 237584 and 310.
62
Calculate the highest common factor of 192212 and 87.
29
What is the highest common factor of 9731 and 16095?
37
Calculate the highest common divisor of 2185 and 27645.
95
What is the greatest common factor of 18117 and 189?
27
What is the greatest common divisor of 1242 and 342?
18
Calculate the highest common factor of 144 and 688752.
144
What is the highest common divisor of 3483 and 25413?
129
Calculate the greatest common divisor of 25430 and 10.
10
Calculate the greatest common divisor of 122038 and 14.
14
Calculate the greatest common factor of 262 and 419462.
262
Calculate the greatest common factor of 68390 and 40.
10
What is the highest common divisor of 220 and 925220?
20
What is the greatest common divisor of 566 and 543077?
283
Calculate the highest common divisor of 13360 and 10640.
80
Calculate the greatest common divisor of 25875 and 828.
207
Calculate the greatest common divisor of 573075 and 135.
135
What is the highest common factor of 564 and 13959?
141
Calculate the highest common factor of 2082 and 12.
6
Calculate the greatest common factor of 18873 and 81084.
699
What is the highest common factor of 1784 and 8326820?
892
What is the greatest common factor of 31439 and 1937?
149
Calculate the highest common factor of 48 and 8192.
16
What is the highest common divisor of 215256 and 528?
24
What is the highest common divisor of 76152 and 12768?
456
Calculate the greatest common factor of 3294 and 243.
27
What is the greatest common divisor of 420 and 178780?
140
Calculate the highest common divisor of 150 and 13710.
30
Calculate the highest common factor of 187 and 1139.
17
What is the greatest common divisor of 723 and 3288?
3
What is the highest common factor of 248 and 53692?
124
Calculate the highest common divisor of 1542103 and 89.
89
Calculate the greatest common factor of 519104 and 576.
64
What is the highest common factor of 199 and 24079?
199
Calculate the highest common factor of 15588 and 744.
12
What is the greatest common factor of 73360 and 280?
280
Calculate the highest common divisor of 665145 and 143.
13
Calculate the greatest common divisor of 4971289 and 1306.
653
Calculate the highest common divisor of 178 and 1091140.
178
What is the highest common factor of 804 and 188?
4
What is the greatest common factor of 243 and 2710908?
243
Calculate the highest common factor of 1814 and 482.
2
What is the highest common factor of 24145 and 480266?
439
Calculate the greatest common factor of 35326 and 34.
34
What is the greatest common factor of 915 and 216123?
183
Calculate the greatest common divisor of 18 and 6066.
18
What is the highest common divisor of 220 and 573210?
110
Calculate the greatest common divisor of 223622 and 252.
14
Calculate the greatest common divisor of 145 and 2361760.
145
What is the highest common divisor of 120533 and 7973?
469
What is the highest common divisor of 1816584 and 3080?
616
Calculate the highest common factor of 402260 and 90.
10
Calculate the highest common factor of 38702 and 33966.
74
Calculate the greatest common factor of 501 and 165.
3
What is the highest common factor of 3434 and 8383?
101
What is the greatest common divisor of 19892 and 4?
4
Calculate the highest common divisor of 1202 and 3446.
2
Calculate the highest common factor of 40 and 224090.
10
What is the greatest common factor of 96629 and 52?
13
What is the greatest common divisor of 24911 and 952631?
859
What is the greatest common factor of 14 and 461811?
7
Calculate the greatest common factor of 86380 and 238.
14
What is the highest common factor of 487280 and 3280?
80
What is the greatest common divisor of 231928 and 424?
424
Calculate the greatest common divisor of 88080 and 135.
15
What is the highest common factor of 176 and 509850?
22
Calculate the highest common factor of 104412 and 1695.
339
What is the highest common factor of 3306 and 10179?
87
What is the greatest common factor of 1821015 and 11340?
945
Calculate the highest common factor of 465 and 6465.
15
What is the greatest common factor of 16614 and 774?
18
Calculate the highest common factor of 59056 and 164.
4
What is the highest common factor of 63 and 1719?
9
What is the greatest common divisor of 190 and 2219390?
190
What is the highest common factor of 7 and 1042937?
7
Calculate the highest common factor of 12079 and 329.
47
Calculate the greatest common divisor of 235000 and 4.
4
Calculate the greatest common factor of 1050 and 93170.
70
Calculate the highest common divisor of 14 and 87668.
14
Calculate the highest common divisor of 864 and 26298.
54
What is the greatest common factor of 2116 and 44988?
92
Calculate the highest common divisor of 14187 and 9.
3
Calculate the greatest common factor of 38770 and 5.
5
What is the highest common divisor of 1057381 and 2495?
499
What is the greatest common divisor of 231002 and 38?
38
Calculate the greatest common factor of 344 and 102856.
344
Calculate the highest common divisor of 1433385 and 318.
159
Calculate the highest common divisor of 4690 and 13258.
14
What is the greatest common divisor of 10 and 87574?
2
What is the greatest common factor of 32667 and 21?
3
What is the greatest common divisor of 54016 and 1055?
211
What is the greatest common divisor of 1 and 73483?
1
Calculate the highest common divisor of 23146759 and 463.
463
What is the highest common factor of 604 and 12860?
4
Calculate the greatest common divisor of 15960 and 59430.
210
What is the highest common factor of 446896 and 744?
248
Calculate the greatest common divisor of 292509 and 72.
9
What is the greatest common factor of 28152 and 173196?
612
Calculate the highest common divisor of 2414 and 646.
34
What is the highest common factor of 12 and 32276?
4
What is the highest common factor of 19737 and 13073?
17
What is the greatest common divisor of 15116024 and 2968?
2968
Calculate the highest common divisor of 136404 and 29470.
842
What is the highest common factor of 194675 and 32346?
599
What is the highest common divisor of 63 and 2565633?
21
What is the greatest common factor of 31934 and 1022?
14
What is the greatest common factor of 120 and 91515?
15
What is the highest common factor of 276 and 19764?
12
What is the highest common divisor of 64944 and 10692?
396
What is the greatest common divisor of 142 and 3875251?
71
Calculate the greatest common divisor of 21 and 6815067.
21
What is the highest common divisor of 1280 and 75320?
40
Calculate the greatest common divisor of 288 and 675216.
144
What is the greatest common divisor of 37 and 70411?
37
What is the highest common factor of 259630 and 70?
70
What is the greatest common divisor of 360486 and 6?
6
What is the highest common factor of 11626745 and 130?
65
What is the greatest common divisor of 196 and 202762?
98
What is the greatest common factor of 2502 and 227404?
278
What is the highest common factor of 1862 and 1178?
38
Calculate the greatest common divisor of 42 and 25802.
14
What is the greatest common factor of 38614 and 602?
86
What is the highest commo